ose 2*g - 63 = 5*r, r - 141 = -5*g - j*r. What is the tens digit of g?
2
Suppose 0 = -2*z + 3*s - 4 + 12, -3*s + 12 = 3*z. What is the units digit of z?
4
Let d(s) = -3*s - 4. Suppose 0 = 5*x - 10*x - 5*n - 50, 3*x - 4*n - 5 = 0. Let z be d(x). Suppose -2*g + 37 = z. What is the tens digit of g?
1
Suppose -196 = -2*i + 2*a, 2*a - 11 = -4*i + 369. What is the tens digit of i?
9
Suppose -6*l + 2*l + 156 = 0. Suppose -a + l = 5. What is the units digit of a?
4
Suppose 0 = -27*f + 31*f - 472. What is the tens digit of f?
1
Suppose 2*p + 6*h - h = 94, 5*p = h + 235. What is the units digit of p?
7
Let l = 10 - 7. Suppose 0 = 3*s - 3*r - 15, 4*r + l = -3*s + r. Suppose 5*c - 77 = -3*v, -s*v = v - 4*c - 41. What is the units digit of v?
9
What is the tens digit of ((-43)/3*-3)/1?
4
Let a = -107 - -277. What is the units digit of a?
0
Let n(w) = 2*w**2 + 6*w + w**2 - 2*w**2 + 2. Let b be n(-6). Suppose -u = b*u - 27. What is the units digit of u?
9
Let s(u) = 10*u**3 - 2*u**2 - u. What is the units digit of s(2)?
0
Let f(d) be the second derivative of -d**4/12 - 11*d**3/6 - 9*d**2/2 - 3*d. What is the units digit of f(-8)?
5
Suppose -65 = -2*c + 3. What is the tens digit of c?
3
Let m(k) = k + 1. Let j(v) = v + 8. Let f be j(-6). Let u be m(f). Suppose 0 = -5*c + 2*t + u, 4 + 0 = 4*t. What is the units digit of c?
1
Let w be ((-32)/20)/((-6)/15). Suppose w*v - 1 = v + z, 2*z - 20 = -5*v. What is the units digit of v?
2
Let p = -14 + -3. Let k = p - -29. Suppose 3*w - 21 = k. What is the units digit of w?
1
Let u(x) be the third derivative of -x**6/60 - x**5/60 - x**4/6 - x**3/2 + 2*x**2. Let p be u(-2). Suppose 3*m - p = -2. What is the units digit of m?
5
Let q(b) = 10*b**2 - 2*b - 1. Let o(j) = 11*j**2 - 2*j - 1. Let z(x) = -5*o(x) + 6*q(x). Let v be z(-1). What is the tens digit of 8 + 1 + (v - 4)?
1
Let c be 3*1 - (8 + 4). Let g = c - -22. What is the units digit of g?
3
Let d(s) be the third derivative of 0*s - 1/12*s**4 - 13/6*s**3 + 0 - 3*s**2. What is the units digit of d(-9)?
5
Let f = 14 + 47. What is the units digit of f?
1
Let t(n) = n - 3. Let x be t(8). Suppose -14 - 6 = -w + x*h, 5*h + 110 = 4*w. Suppose q + 4*m = 8, -5*q - 11 = -m - w. What is the units digit of q?
4
Let u = -74 + 120. What is the units digit of u?
6
Let q(u) = u**3 - 8*u**2 + 2*u + 12. Let j be q(6). What is the units digit of ((-1)/(2/j))/2?
2
Let q(n) = -n**2 - 2*n. Suppose -4*l = -8*l - 2*b - 4, 5*l + 20 = 5*b. Let x be q(l). Let j = x + 2. What is the units digit of j?
2
Suppose 0 = -5*r + r + 8. Let i be (0 + 0)/(r + -1). Suppose i = u + 4*u - 20. What is the units digit of u?
4
Let r(s) = -25*s**3 + 1. Let z = 1 - 2. What is the tens digit of r(z)?
2
Suppose 0 = 5*l, -2*j - 7 + 3 = 3*l. Let o = 10 + -8. What is the units digit of (1 + 0)*(o - j)?
4
Let a(q) = -q**2 + 3*q + 3. Let p be a(3). Suppose 5*x + 4*j = 150, 2*j - p = x - 33. What is the tens digit of x?
3
What is the tens digit of (312/(-20))/(1/(-10))?
5
What is the units digit of 4*53 + 4/(-4)*3?
9
Let l = -10 + 15. Suppose -7 + 2 = -l*r. What is the units digit of r?
1
Suppose -3*p + 6 = 4*s, p - 2*p + 13 = 5*s. What is the units digit of s?
3
Suppose -15 = 4*h + h. Let t be (0 + 2)/((-2)/h). What is the units digit of 1/(1/t) - -2?
5
Let l(k) be the first derivative of -7*k**4/2 + k**2/2 + k + 6. What is the tens digit of l(-1)?
1
Let o = -27 - -40. What is the tens digit of o?
1
Let g = 26 + -4. What is the tens digit of g?
2
Suppose 3*w - 22 = -2*k - 7, 4*w = -k + 20. Let f be (464/(-12))/4*-3. Suppose 0 = 5*o + 2*j - 15, w*o - f = -3*j - 9. What is the units digit of o?
1
What is the hundreds digit of 10823/79 + (1 + -1 - -3)?
1
Let x(v) = -v + 8. Let c be x(5). Suppose 5*k + z - 76 = 0, -c*k + 48 = -k - 4*z. What is the tens digit of k?
1
Let l = 84 - 55. What is the units digit of l?
9
Let w(v) = 4*v**2 - 2*v + 1. Let z be w(1). What is the units digit of z/(-3)*1*-14?
4
Suppose 0 = 2*d - 4*b - 0 - 4, -3*d + 56 = 4*b. What is the tens digit of d?
1
Let c = 24 - 9. Let m = 27 - c. What is the units digit of m?
2
Let w = -38 - -56. Suppose 2*g - w = -5*p + 40, 5*p + g = 59. What is the tens digit of p?
1
Suppose -236 = 15*f - 1466. What is the tens digit of f?
8
Let l = 18 - 18. Suppose l*g - 2*g + 66 = 0. What is the units digit of g?
3
Let y(i) be the first derivative of i**2/2 - 5*i + 1. What is the units digit of y(6)?
1
Let r(v) = 3*v**3 - 6*v**2 + 4*v - 3. Let y(z) = 4*z**3 - 5*z**2 + 3*z - 2. Let i(n) = -2*r(n) + 3*y(n). What is the units digit of i(2)?
8
Suppose -u = 5*f - 20, 2*f = 3*u + 2*u - 127. What is the units digit of u?
5
Let u(w) = 30*w. What is the tens digit of u(1)?
3
Let l(n) = -n**3 - 11*n**2 - 12*n - 1 + 2 + 2. What is the units digit of l(-10)?
3
Let g = 96 - 23. What is the units digit of g?
3
Let a(w) = 1 + w**2 - 2*w**2 - 11*w + 8*w. Suppose -z + 1 + 4 = 4*h, -z = h + 1. What is the units digit of a(z)?
1
Let o(x) = -x**3 + 9*x**2 - 8*x + 6. Let d be o(8). Let b(a) = 8*a - 9. What is the units digit of b(d)?
9
Suppose -h + 15 = 3*g, -g + 0 = -2*h + 2. Let b be (2 - h)*(-3 + 2). What is the units digit of (8/(-6))/(b/(-6))?
8
Let v be 356/18 - (-2)/9. Suppose p - v = -4*i, 13 = -5*i + 3. What is the tens digit of p?
2
Let w = 205 - 139. What is the units digit of w?
6
Let g(c) = 0*c**2 + 16*c - 10 + 3 - c**2 + 0*c**2. What is the tens digit of g(14)?
2
Let g(p) = 4*p - 15. What is the units digit of g(6)?
9
Let a(f) = -55*f + 2. What is the hundreds digit of a(-2)?
1
Suppose -54 = -f - 2*f - 3*x, 4*f - 75 = -3*x. Suppose 3*c - f = -3. What is the units digit of c?
6
Let w = 5 - 3. Let k = 1 + w. What is the units digit of k?
3
Let y(n) = -83*n**3 - n**2 + n + 1. Let h be y(-1). What is the tens digit of 2/7 + h/7?
1
Suppose 2*a + 4 = 2*s, -s + 16 = s - 5*a. Let u be (0 + -2)*5/s. Suppose 3*v - 27 = 3*c, u*v - c - 17 = 24. What is the units digit of v?
8
Let f = -23 + 40. Let m = f - 10. What is the units digit of m?
7
Let w be -5 - (4/(-2) + -1). Let z be w - -1 - 3/(-1). Suppose 12 = 3*f - g, z*f - 26 + 5 = 5*g. What is the units digit of f?
3
Suppose 219 + 591 = 9*a. What is the tens digit of a?
9
Suppose -5 = -5*n - 15, b + 4*n = 47. What is the tens digit of b?
5
Suppose 3*g + g - 8 = 0. Suppose d = g*w, 2*w + 2*d + 7 = 19. Suppose 3*x = w*f - x - 22, -x = 5. What is the units digit of f?
1
Suppose -4 - 5 = -s. Let z(r) = -r**3 + 8*r**2 + 11*r - 7. What is the tens digit of z(s)?
1
What is the units digit of ((-432)/(-42))/((-6)/(-28))?
8
Let x = 116 + -70. What is the tens digit of x?
4
Let m(l) = 5*l + 5. What is the tens digit of m(8)?
4
Suppose -3*i + 4*i - 5*b = 29, i - 23 = -b. What is the tens digit of i?
2
Suppose -2*d - 2*d - a = -101, 4*a = -4*d + 92. Suppose -3*k + d = 4*w, -k + 3*w + w = 18. What is the units digit of -3*2*k/(-4)?
3
Suppose -3*i - 96 = 4*c + i, 5 = 5*i. What is the units digit of -4 - -1*c/(-1)?
1
Let v = 426 - 255. What is the units digit of v?
1
Let u(k) = -k**2 - 10*k - 4. Let d(y) = 2*y + 5. Suppose 0*s - s = -2*m + 10, -3*m = 3*s + 12. Let g be d(s). What is the units digit of u(g)?
7
Let k be (-1)/(3/(-63)) + 0. Let w = k + -5. What is the units digit of w?
6
Suppose -k + 384 - 53 = 0. What is the units digit of k?
1
Let s = 1 - 1. Let i = -7 - -6. What is the units digit of s + i/(1/(-9))?
9
Suppose -8*f - 4*m = -4*f - 4, -9 = -5*f - m. Let v(s) = -s - f - 3*s + 9*s**2 - 3*s**2 - s**3. What is the units digit of v(5)?
3
Suppose -88 = -2*o - 4*i, 4*o - 3 - 137 = 4*i. What is the tens digit of o?
3
Suppose 322 = 3*p - 134. What is the units digit of p?
2
Let k be (-2)/(-8) + (-395)/(-20). Suppose 4*d - a - k = 24, 0 = 2*a - 8. Suppose 3*r = 3*w + d, -4 = -r - 5*w + 18. What is the units digit of r?
7
Suppose -3*g + v - 3*v = -1071, -3*g - 5*v + 1080 = 0. Suppose 0 = 4*r - g + 107. What is the tens digit of r/6 + 6/9?
1
Suppose 0 = 5*h + c + 3*c - 402, -4*c = -2*h + 172. What is the units digit of h?
2
Let c(a) = -a**3 - 4*a**2. Let o be c(-4). Suppose -3 = 5*f + 2. Let k = o - f. What is the units digit of k?
1
Let a = 19 + -17. Suppose -a*t + 2 + 20 = 4*u, -21 = 4*t - 5*u. What is the units digit of t?
1
Suppose -i = -0*i - 71. What is the units digit of i?
1
Suppose b + 4*x - 5 = 0, 0 = 2*b + 3*b + 2*x + 11. Suppose 8*f + 33 =